{"id":538,"date":"2016-07-14T12:39:34","date_gmt":"2016-07-14T10:39:34","guid":{"rendered":"http:\/\/pflegedienst-klostermann.de\/cms\/?page_id=538"},"modified":"2023-06-15T11:26:24","modified_gmt":"2023-06-15T09:26:24","slug":"tagespflege","status":"publish","type":"page","link":"http:\/\/pflegedienst-klostermann.de\/cms\/homepage\/services\/tagespflege\/","title":{"rendered":"Tagespflege"},"content":{"rendered":"<h3 class=\"home-sec-title\">Tagespflege<\/h3>\n<h3 style=\"text-align: center;\"><span style=\"text-decoration: underline;\"><strong>\u00a0<\/strong><\/span><\/h3>\n<p><img loading=\"lazy\" decoding=\"async\" class=\"alignnone size-full wp-image-876\" src=\"http:\/\/pflegedienst-klostermann.de\/cms\/wp-content\/uploads\/2016\/07\/bg_pflege_1-5.png\" alt=\"bg_pflege_1\" width=\"781\" height=\"424\" srcset=\"http:\/\/pflegedienst-klostermann.de\/cms\/wp-content\/uploads\/2016\/07\/bg_pflege_1-5.png 781w, http:\/\/pflegedienst-klostermann.de\/cms\/wp-content\/uploads\/2016\/07\/bg_pflege_1-5-300x163.png 300w, http:\/\/pflegedienst-klostermann.de\/cms\/wp-content\/uploads\/2016\/07\/bg_pflege_1-5-768x417.png 768w, http:\/\/pflegedienst-klostermann.de\/cms\/wp-content\/uploads\/2016\/07\/bg_pflege_1-5-368x200.png 368w, http:\/\/pflegedienst-klostermann.de\/cms\/wp-content\/uploads\/2016\/07\/bg_pflege_1-5-553x300.png 553w\" sizes=\"auto, (max-width: 781px) 100vw, 781px\" \/><br \/>\n<strong>Unser Angebot richtet sich an \u00e4ltere, pflegebed\u00fcrftige und insbesondere dementiell erkrankte Menschen. <\/strong><\/p>\n<p>Unsere Tagespflege h\u00e4lt 22 Pl\u00e4tze pro Tag vor. Ziel ist es, die Selbstst\u00e4ndigkeit und Eigenverantwortlichkeit der Tagespflegeg\u00e4ste so lange wie m\u00f6glich zu erhalten. Dabei sind zwei \u00fcbergeordnete Ziele f\u00fcr unsere Arbeit handlungsweisend:<\/p>\n<ul>\n<li style=\"list-style-type: none;\">\n<ul>\n<li><span style=\"color: #000000;\">Betreuung und unterst\u00fctzende aktivierende Pflege der Tagespflegeg\u00e4ste und<\/span><\/li>\n<\/ul>\n<\/li>\n<\/ul>\n<ul>\n<li style=\"list-style-type: none;\">\n<ul>\n<li><span style=\"color: #000000;\">die Entlastung und Unterst\u00fctzung pflegender Angeh\u00f6riger.<\/span><\/li>\n<\/ul>\n<\/li>\n<\/ul>\n<p><img decoding=\"async\" class=\"alignnone size-large wp-image-708\" src=\"http:\/\/pflegedienst-klostermann.de\/cms\/wp-content\/uploads\/2016\/07\/bg_line_1px-1024x1.jpg\" alt=\"bg_line_1px\" width=\"100%\" srcset=\"http:\/\/pflegedienst-klostermann.de\/cms\/wp-content\/uploads\/2016\/07\/bg_line_1px.jpg 1024w, http:\/\/pflegedienst-klostermann.de\/cms\/wp-content\/uploads\/2016\/07\/bg_line_1px-150x1.jpg 150w, http:\/\/pflegedienst-klostermann.de\/cms\/wp-content\/uploads\/2016\/07\/bg_line_1px-300x1.jpg 300w, http:\/\/pflegedienst-klostermann.de\/cms\/wp-content\/uploads\/2016\/07\/bg_line_1px-768x1.jpg 768w, http:\/\/pflegedienst-klostermann.de\/cms\/wp-content\/uploads\/2016\/07\/bg_line_1px-600x1.jpg 600w, http:\/\/pflegedienst-klostermann.de\/cms\/wp-content\/uploads\/2016\/07\/bg_line_1px-555x1.jpg 555w, http:\/\/pflegedienst-klostermann.de\/cms\/wp-content\/uploads\/2016\/07\/bg_line_1px-1140x1.jpg 1140w, http:\/\/pflegedienst-klostermann.de\/cms\/wp-content\/uploads\/2016\/07\/bg_line_1px-360x1.jpg 360w, http:\/\/pflegedienst-klostermann.de\/cms\/wp-content\/uploads\/2016\/07\/bg_line_1px-750x1.jpg 750w, http:\/\/pflegedienst-klostermann.de\/cms\/wp-content\/uploads\/2016\/07\/bg_line_1px-260x1.jpg 260w, http:\/\/pflegedienst-klostermann.de\/cms\/wp-content\/uploads\/2016\/07\/bg_line_1px-550x1.jpg 550w, http:\/\/pflegedienst-klostermann.de\/cms\/wp-content\/uploads\/2016\/07\/bg_line_1px-75x1.jpg 75w, http:\/\/pflegedienst-klostermann.de\/cms\/wp-content\/uploads\/2016\/07\/bg_line_1px-200x1.jpg 200w, http:\/\/pflegedienst-klostermann.de\/cms\/wp-content\/uploads\/2016\/07\/bg_line_1px-250x1.jpg 250w, http:\/\/pflegedienst-klostermann.de\/cms\/wp-content\/uploads\/2016\/07\/bg_line_1px-272x1.jpg 272w\" sizes=\"(max-width: 1024px) 100vw, 1024px\" \/><\/p>\n<p><strong>Unsere Leistungen:<\/strong><\/p>\n<ul>\n<li style=\"list-style-type: none;\">\n<ul>\n<li><span style=\"color: #000000;\"><b>Pflegeleistungen<\/b><\/span><br \/>\nwie z.B. Unterst\u00fctzung bei der Ern\u00e4hrung und Mobilit\u00e4t, sowie nach Absprache grundpflegerische Versorgung, F\u00f6rderung der Eigenbewegung durch Balance- und Kraft\u00fcbungen, Unterst\u00fctzung bei den Aktivit\u00e4ten des t\u00e4glichen Lebens, z.B. Wasch- und Anziehtraining.<\/li>\n<\/ul>\n<\/li>\n<\/ul>\n<ul>\n<li style=\"list-style-type: none;\">\n<ul>\n<li><span style=\"color: #000000;\"><b>Tagesstrukturierendes Programm<\/b><\/span><br \/>\nLeserunde, Gesellschaftsspiele, Gymnastik, Sitzt\u00e4nze, hauswirtschaftliche T\u00e4tigkeiten,&#8230;<br \/>\nDabei orientieren wir uns an den W\u00fcnschen, F\u00e4higkeiten und Gewohnheiten unserer Tagespflegeg\u00e4ste.<br \/>\nIn unserem Besch\u00e4ftigungsangebot f\u00f6rdern wir die geistige und k\u00f6rperliche Beweglichkeit.<br \/>\nNach den individuellen Bed\u00fcrfnissen unserer Tagespflegeg\u00e4ste werden die Betreuungsangebote abgestimmt.<br \/>\nJeder Tagespflegegast hat die M\u00f6glichkeit an den Angeboten teilzunehmen, sich individuell zu besch\u00e4ftigen oder sich im gem\u00fctlichen eingerichteten Ruheraum zur\u00fcckzuziehen.<\/li>\n<\/ul>\n<\/li>\n<\/ul>\n<p><strong>Au\u00dferdem bieten wir:<\/strong><\/p>\n<ul>\n<li style=\"list-style-type: none;\">\n<ul>\n<li><span style=\"color: #000000;\"><b>Teilnahme an kulturellen Veranstaltungen<\/b><\/span><br \/>\nwie z.B. saisonale Feste<\/li>\n<\/ul>\n<\/li>\n<\/ul>\n<ul>\n<li style=\"list-style-type: none;\">\n<ul>\n<li><strong><span style=\"color: #000000;\">Behandlungspflege<\/span><\/strong><\/li>\n<\/ul>\n<\/li>\n<\/ul>\n<ul>\n<li style=\"list-style-type: none;\">\n<ul>\n<li><strong><span style=\"color: #000000;\">Verpflegung<\/span><\/strong><br \/>\nFr\u00fchst\u00fcck, Mittagessen, Zwischenmahlzeiten (z.B. frisches Obst, Getr\u00e4nke), Kaffee und Kuchen<\/li>\n<\/ul>\n<\/li>\n<\/ul>\n<ul>\n<li style=\"list-style-type: none;\">\n<ul>\n<li><strong><span style=\"color: #000000;\">eigener Fahrdienst<\/span><\/strong><\/li>\n<\/ul>\n<\/li>\n<\/ul>\n<p><img decoding=\"async\" class=\"alignnone size-large wp-image-708\" src=\"http:\/\/pflegedienst-klostermann.de\/cms\/wp-content\/uploads\/2016\/07\/bg_line_1px-1024x1.jpg\" alt=\"bg_line_1px\" width=\"100%\" srcset=\"http:\/\/pflegedienst-klostermann.de\/cms\/wp-content\/uploads\/2016\/07\/bg_line_1px.jpg 1024w, http:\/\/pflegedienst-klostermann.de\/cms\/wp-content\/uploads\/2016\/07\/bg_line_1px-150x1.jpg 150w, http:\/\/pflegedienst-klostermann.de\/cms\/wp-content\/uploads\/2016\/07\/bg_line_1px-300x1.jpg 300w, http:\/\/pflegedienst-klostermann.de\/cms\/wp-content\/uploads\/2016\/07\/bg_line_1px-768x1.jpg 768w, http:\/\/pflegedienst-klostermann.de\/cms\/wp-content\/uploads\/2016\/07\/bg_line_1px-600x1.jpg 600w, http:\/\/pflegedienst-klostermann.de\/cms\/wp-content\/uploads\/2016\/07\/bg_line_1px-555x1.jpg 555w, http:\/\/pflegedienst-klostermann.de\/cms\/wp-content\/uploads\/2016\/07\/bg_line_1px-1140x1.jpg 1140w, http:\/\/pflegedienst-klostermann.de\/cms\/wp-content\/uploads\/2016\/07\/bg_line_1px-360x1.jpg 360w, http:\/\/pflegedienst-klostermann.de\/cms\/wp-content\/uploads\/2016\/07\/bg_line_1px-750x1.jpg 750w, http:\/\/pflegedienst-klostermann.de\/cms\/wp-content\/uploads\/2016\/07\/bg_line_1px-260x1.jpg 260w, http:\/\/pflegedienst-klostermann.de\/cms\/wp-content\/uploads\/2016\/07\/bg_line_1px-550x1.jpg 550w, http:\/\/pflegedienst-klostermann.de\/cms\/wp-content\/uploads\/2016\/07\/bg_line_1px-75x1.jpg 75w, http:\/\/pflegedienst-klostermann.de\/cms\/wp-content\/uploads\/2016\/07\/bg_line_1px-200x1.jpg 200w, http:\/\/pflegedienst-klostermann.de\/cms\/wp-content\/uploads\/2016\/07\/bg_line_1px-250x1.jpg 250w, http:\/\/pflegedienst-klostermann.de\/cms\/wp-content\/uploads\/2016\/07\/bg_line_1px-272x1.jpg 272w\" sizes=\"(max-width: 1024px) 100vw, 1024px\" \/><\/p>\n<p style=\"text-align: center;\"><strong>\u00d6ffnungszeiten der Tagespflege:<\/strong><br \/>\n<span style=\"color: #000000;\">Montag &#8211; Freitag<\/span><br \/>\n<span style=\"color: #000000;\"> 08:00 &#8211; 16:00 Uhr<\/span><\/p>\n<p style=\"text-align: left;\">\u00a0<img loading=\"lazy\" decoding=\"async\" class=\"alignnone size-full wp-image-946\" src=\"http:\/\/pflegedienst-klostermann.de\/cms\/wp-content\/uploads\/2016\/07\/bg_pflege004.png\" alt=\"bg_pflege004\" width=\"781\" height=\"424\" srcset=\"http:\/\/pflegedienst-klostermann.de\/cms\/wp-content\/uploads\/2016\/07\/bg_pflege004.png 781w, http:\/\/pflegedienst-klostermann.de\/cms\/wp-content\/uploads\/2016\/07\/bg_pflege004-300x163.png 300w, http:\/\/pflegedienst-klostermann.de\/cms\/wp-content\/uploads\/2016\/07\/bg_pflege004-768x417.png 768w, http:\/\/pflegedienst-klostermann.de\/cms\/wp-content\/uploads\/2016\/07\/bg_pflege004-368x200.png 368w, http:\/\/pflegedienst-klostermann.de\/cms\/wp-content\/uploads\/2016\/07\/bg_pflege004-553x300.png 553w\" sizes=\"auto, (max-width: 781px) 100vw, 781px\" \/><\/p>\n","protected":false},"excerpt":{"rendered":"<p>Tagespflege \u00a0 Unser Angebot richtet sich an \u00e4ltere, pflegebed\u00fcrftige und insbesondere dementiell erkrankte Menschen. Unsere Tagespflege h\u00e4lt 22 Pl\u00e4tze pro Tag vor. Ziel ist es, die Selbstst\u00e4ndigkeit und Eigenverantwortlichkeit der Tagespflegeg\u00e4ste so lange wie m\u00f6glich zu erhalten. Dabei sind zwei \u00fcbergeordnete Ziele f\u00fcr unsere Arbeit handlungsweisend: Betreuung und unterst\u00fctzende aktivierende Pflege der Tagespflegeg\u00e4ste und die [&hellip;]<\/p>\n","protected":false},"author":1,"featured_media":0,"parent":155,"menu_order":0,"comment_status":"closed","ping_status":"closed","template":"","meta":{"footnotes":""},"class_list":["post-538","page","type-page","status-publish","hentry"],"_links":{"self":[{"href":"http:\/\/pflegedienst-klostermann.de\/cms\/wp-json\/wp\/v2\/pages\/538","targetHints":{"allow":["GET"]}}],"collection":[{"href":"http:\/\/pflegedienst-klostermann.de\/cms\/wp-json\/wp\/v2\/pages"}],"about":[{"href":"http:\/\/pflegedienst-klostermann.de\/cms\/wp-json\/wp\/v2\/types\/page"}],"author":[{"embeddable":true,"href":"http:\/\/pflegedienst-klostermann.de\/cms\/wp-json\/wp\/v2\/users\/1"}],"replies":[{"embeddable":true,"href":"http:\/\/pflegedienst-klostermann.de\/cms\/wp-json\/wp\/v2\/comments?post=538"}],"version-history":[{"count":0,"href":"http:\/\/pflegedienst-klostermann.de\/cms\/wp-json\/wp\/v2\/pages\/538\/revisions"}],"up":[{"embeddable":true,"href":"http:\/\/pflegedienst-klostermann.de\/cms\/wp-json\/wp\/v2\/pages\/155"}],"wp:attachment":[{"href":"http:\/\/pflegedienst-klostermann.de\/cms\/wp-json\/wp\/v2\/media?parent=538"}],"curies":[{"name":"wp","href":"https:\/\/api.w.org\/{rel}","templated":true}]}}

<h3 class="home-sec-title">Tagespflege</h3>
<h3 style="text-align: center;"><span style="text-decoration: underline;"><strong> </strong></span></h3>
<p><img loading="lazy" decoding="async" class="alignnone size-full wp-image-876" src="http://pflegedienst-klostermann.de/cms/wp-content/uploads/2016/07/bg_pflege_1-5.png" alt="bg_pflege_1" width="781" height="424" srcset="http://pflegedienst-klostermann.de/cms/wp-content/uploads/2016/07/bg_pflege_1-5.png 781w, http://pflegedienst-klostermann.de/cms/wp-content/uploads/2016/07/bg_pflege_1-5-300x163.png 300w, http://pflegedienst-klostermann.de/cms/wp-content/uploads/2016/07/bg_pflege_1-5-768x417.png 768w, http://pflegedienst-klostermann.de/cms/wp-content/uploads/2016/07/bg_pflege_1-5-368x200.png 368w, http://pflegedienst-klostermann.de/cms/wp-content/uploads/2016/07/bg_pflege_1-5-553x300.png 553w" sizes="auto, (max-width: 781px) 100vw, 781px" /><br />
<strong>Unser Angebot richtet sich an ältere, pflegebedürftige und insbesondere dementiell erkrankte Menschen. </strong></p>
<p>Unsere Tagespflege hält 22 Plätze pro Tag vor. Ziel ist es, die Selbstständigkeit und Eigenverantwortlichkeit der Tagespflegegäste so lange wie möglich zu erhalten. Dabei sind zwei übergeordnete Ziele für unsere Arbeit handlungsweisend:</p>
<ul>
<li style="list-style-type: none;">
<ul>
<li><span style="color: #000000;">Betreuung und unterstützende aktivierende Pflege der Tagespflegegäste und</span></li>
</ul>
</li>
</ul>
<ul>
<li style="list-style-type: none;">
<ul>
<li><span style="color: #000000;">die Entlastung und Unterstützung pflegender Angehöriger.</span></li>
</ul>
</li>
</ul>
<p><img decoding="async" class="alignnone size-large wp-image-708" src="http://pflegedienst-klostermann.de/cms/wp-content/uploads/2016/07/bg_line_1px-1024x1.jpg" alt="bg_line_1px" width="100%" srcset="http://pflegedienst-klostermann.de/cms/wp-content/uploads/2016/07/bg_line_1px.jpg 1024w, http://pflegedienst-klostermann.de/cms/wp-content/uploads/2016/07/bg_line_1px-150x1.jpg 150w, http://pflegedienst-klostermann.de/cms/wp-content/uploads/2016/07/bg_line_1px-300x1.jpg 300w, http://pflegedienst-klostermann.de/cms/wp-content/uploads/2016/07/bg_line_1px-768x1.jpg 768w, http://pflegedienst-klostermann.de/cms/wp-content/uploads/2016/07/bg_line_1px-600x1.jpg 600w, http://pflegedienst-klostermann.de/cms/wp-content/uploads/2016/07/bg_line_1px-555x1.jpg 555w, http://pflegedienst-klostermann.de/cms/wp-content/uploads/2016/07/bg_line_1px-1140x1.jpg 1140w, http://pflegedienst-klostermann.de/cms/wp-content/uploads/2016/07/bg_line_1px-360x1.jpg 360w, http://pflegedienst-klostermann.de/cms/wp-content/uploads/2016/07/bg_line_1px-750x1.jpg 750w, http://pflegedienst-klostermann.de/cms/wp-content/uploads/2016/07/bg_line_1px-260x1.jpg 260w, http://pflegedienst-klostermann.de/cms/wp-content/uploads/2016/07/bg_line_1px-550x1.jpg 550w, http://pflegedienst-klostermann.de/cms/wp-content/uploads/2016/07/bg_line_1px-75x1.jpg 75w, http://pflegedienst-klostermann.de/cms/wp-content/uploads/2016/07/bg_line_1px-200x1.jpg 200w, http://pflegedienst-klostermann.de/cms/wp-content/uploads/2016/07/bg_line_1px-250x1.jpg 250w, http://pflegedienst-klostermann.de/cms/wp-content/uploads/2016/07/bg_line_1px-272x1.jpg 272w" sizes="(max-width: 1024px) 100vw, 1024px" /></p>
<p><strong>Unsere Leistungen:</strong></p>
<ul>
<li style="list-style-type: none;">
<ul>
<li><span style="color: #000000;"><b>Pflegeleistungen</b></span><br />
wie z.B. Unterstützung bei der Ernährung und Mobilität, sowie nach Absprache grundpflegerische Versorgung, Förderung der Eigenbewegung durch Balance- und Kraftübungen, Unterstützung bei den Aktivitäten des täglichen Lebens, z.B. Wasch- und Anziehtraining.</li>
</ul>
</li>
</ul>
<ul>
<li style="list-style-type: none;">
<ul>
<li><span style="color: #000000;"><b>Tagesstrukturierendes Programm</b></span><br />
Leserunde, Gesellschaftsspiele, Gymnastik, Sitztänze, hauswirtschaftliche Tätigkeiten,&#8230;<br />
Dabei orientieren wir uns an den Wünschen, Fähigkeiten und Gewohnheiten unserer Tagespflegegäste.<br />
In unserem Beschäftigungsangebot fördern wir die geistige und körperliche Beweglichkeit.<br />
Nach den individuellen Bedürfnissen unserer Tagespflegegäste werden die Betreuungsangebote abgestimmt.<br />
Jeder Tagespflegegast hat die Möglichkeit an den Angeboten teilzunehmen, sich individuell zu beschäftigen oder sich im gemütlichen eingerichteten Ruheraum zurückzuziehen.</li>
</ul>
</li>
</ul>
<p><strong>Außerdem bieten wir:</strong></p>
<ul>
<li style="list-style-type: none;">
<ul>
<li><span style="color: #000000;"><b>Teilnahme an kulturellen Veranstaltungen</b></span><br />
wie z.B. saisonale Feste</li>
</ul>
</li>
</ul>
<ul>
<li style="list-style-type: none;">
<ul>
<li><strong><span style="color: #000000;">Behandlungspflege</span></strong></li>
</ul>
</li>
</ul>
<ul>
<li style="list-style-type: none;">
<ul>
<li><strong><span style="color: #000000;">Verpflegung</span></strong><br />
Frühstück, Mittagessen, Zwischenmahlzeiten (z.B. frisches Obst, Getränke), Kaffee und Kuchen</li>
</ul>
</li>
</ul>
<ul>
<li style="list-style-type: none;">
<ul>
<li><strong><span style="color: #000000;">eigener Fahrdienst</span></strong></li>
</ul>
</li>
</ul>
<p><img decoding="async" class="alignnone size-large wp-image-708" src="http://pflegedienst-klostermann.de/cms/wp-content/uploads/2016/07/bg_line_1px-1024x1.jpg" alt="bg_line_1px" width="100%" srcset="http://pflegedienst-klostermann.de/cms/wp-content/uploads/2016/07/bg_line_1px.jpg 1024w, http://pflegedienst-klostermann.de/cms/wp-content/uploads/2016/07/bg_line_1px-150x1.jpg 150w, http://pflegedienst-klostermann.de/cms/wp-content/uploads/2016/07/bg_line_1px-300x1.jpg 300w, http://pflegedienst-klostermann.de/cms/wp-content/uploads/2016/07/bg_line_1px-768x1.jpg 768w, http://pflegedienst-klostermann.de/cms/wp-content/uploads/2016/07/bg_line_1px-600x1.jpg 600w, http://pflegedienst-klostermann.de/cms/wp-content/uploads/2016/07/bg_line_1px-555x1.jpg 555w, http://pflegedienst-klostermann.de/cms/wp-content/uploads/2016/07/bg_line_1px-1140x1.jpg 1140w, http://pflegedienst-klostermann.de/cms/wp-content/uploads/2016/07/bg_line_1px-360x1.jpg 360w, http://pflegedienst-klostermann.de/cms/wp-content/uploads/2016/07/bg_line_1px-750x1.jpg 750w, http://pflegedienst-klostermann.de/cms/wp-content/uploads/2016/07/bg_line_1px-260x1.jpg 260w, http://pflegedienst-klostermann.de/cms/wp-content/uploads/2016/07/bg_line_1px-550x1.jpg 550w, http://pflegedienst-klostermann.de/cms/wp-content/uploads/2016/07/bg_line_1px-75x1.jpg 75w, http://pflegedienst-klostermann.de/cms/wp-content/uploads/2016/07/bg_line_1px-200x1.jpg 200w, http://pflegedienst-klostermann.de/cms/wp-content/uploads/2016/07/bg_line_1px-250x1.jpg 250w, http://pflegedienst-klostermann.de/cms/wp-content/uploads/2016/07/bg_line_1px-272x1.jpg 272w" sizes="(max-width: 1024px) 100vw, 1024px" /></p>
<p style="text-align: center;"><strong>Öffnungszeiten der Tagespflege:</strong><br />
<span style="color: #000000;">Montag &#8211; Freitag</span><br />
<span style="color: #000000;"> 08:00 &#8211; 16:00 Uhr</span></p>
<p style="text-align: left;"> <img loading="lazy" decoding="async" class="alignnone size-full wp-image-946" src="http://pflegedienst-klostermann.de/cms/wp-content/uploads/2016/07/bg_pflege004.png" alt="bg_pflege004" width="781" height="424" srcset="http://pflegedienst-klostermann.de/cms/wp-content/uploads/2016/07/bg_pflege004.png 781w, http://pflegedienst-klostermann.de/cms/wp-content/uploads/2016/07/bg_pflege004-300x163.png 300w, http://pflegedienst-klostermann.de/cms/wp-content/uploads/2016/07/bg_pflege004-768x417.png 768w, http://pflegedienst-klostermann.de/cms/wp-content/uploads/2016/07/bg_pflege004-368x200.png 368w, http://pflegedienst-klostermann.de/cms/wp-content/uploads/2016/07/bg_pflege004-553x300.png 553w" sizes="auto, (max-width: 781px) 100vw, 781px" /></p>

<p>Tagespflege   Unser Angebot richtet sich an ältere, pflegebedürftige und insbesondere dementiell erkrankte Menschen. Unsere Tagespflege hält 22 Plätze pro Tag vor. Ziel ist es, die Selbstständigkeit und Eigenverantwortlichkeit der Tagespflegegäste so lange wie möglich zu erhalten. Dabei sind zwei übergeordnete Ziele für unsere Arbeit handlungsweisend: Betreuung und unterstützende aktivierende Pflege der Tagespflegegäste und die [&hellip;]</p>
